37 a factor of 1443?
True
Does 10 divide 13772?
False
Is 11660 a multiple of 218?
False
Is 29232 a multiple of 14?
True
Is 2430 a multiple of 40?
False
Is 7771 a multiple of 19?
True
Does 110 divide 5170?
True
Is 128 a multiple of 8?
True
Is 1068 a multiple of 6?
True
Is 29 a factor of 667?
True
Does 13 divide 8970?
True
Is 5801 a multiple of 19?
False
Is 3367 a multiple of 7?
True
Does 7 divide 217?
True
Is 456 a multiple of 9?
False
Does 19 divide 315?
False
Is 45 a factor of 987?
False
Is 17 a factor of 14152?
False
Does 25 divide 525?
True
Is 14 a factor of 1323?
False
Is 5 a factor of 8325?
True
Is 65 a factor of 14886?
False
Is 5 a factor of 1505?
True
Is 142 a factor of 13348?
True
Is 710 a multiple of 51?
False
Is 2116 a multiple of 39?
False
Is 26012 a multiple of 16?
False
Is 1156 a multiple of 68?
True
Does 87 divide 7613?
False
Is 4708 a multiple of 7?
False
Is 36 a factor of 31500?
True
Does 233 divide 13764?
False
Is 114 even?
True
Is 22 a factor of 280?
False
Does 20 divide 2481?
False
Is 859 a multiple of 56?
False
Is 630 a multiple of 18?
True
Is 6 a factor of 746?
False
Does 19 divide 1345?
False
Does 8 divide 298?
False
Is 272 a factor of 109888?
True
Is 28575 a multiple of 32?
False
Is 9 a factor of 509?
False
Is 11 a factor of 9866?
False
Is 146 a factor of 115213?
False
Is 1963 a multiple of 34?
False
Is 42 a factor of 2184?
True
Is 225 a multiple of 9?
True
Does 8 divide 45157?
False
Is 44248 a multiple of 76?
False
Does 7 divide 7922?
False
Is 15226 a multiple of 159?
False
Is 24 a factor of 19049?
False
Does 54 divide 79426?
False
Is 2156 a multiple of 77?
True
Is 85 a factor of 3914?
False
Is 48 a factor of 34416?
True
Is 2962 a multiple of 5?
False
Does 108 divide 22906?
False
Is 286 a multiple of 26?
True
Is 48600 a multiple of 173?
False
Is 110 a factor of 22880?
True
Is 12 a factor of 1140?
True
Does 11 divide 2951?
False
Is 19 a factor of 76?
True
Is 6750 a multiple of 25?
True
Is 40022 a multiple of 178?
False
Does 5 divide 18670?
True
Is 23 a factor of 2860?
False
Is 150 a factor of 2093?
False
Is 50 a factor of 212?
False
Does 16 divide 23904?
True
Is 7360 a multiple of 99?
False
Is 35 a factor of 40?
False
Does 65 divide 520?
True
Is 8666 a multiple of 151?
False
Is 14067 a multiple of 52?
False
Does 7 divide 3339?
True
Is 615 a multiple of 123?
True
Does 16 divide 3216?
True
Is 3973 a multiple of 21?
False
Does 5 divide 1281?
False
Is 56 a factor of 1176?
True
Is 663 a multiple of 3?
True
Does 14 divide 211?
False
Is 2008 a multiple of 8?
True
Is 157 a factor of 4239?
True
Is 66 a factor of 1452?
True
Is 111 a factor of 4237?
False
Does 46 divide 1493?
False
Is 22 a factor of 3677?
False
Is 6 a factor of 7333?
False
Does 4 divide 12?
True
Is 168 a multiple of 2?
True
Is 1845 a multiple of 18?
False
Is 12 a factor of 4987?
False
Does 37 divide 26547?
False
Is 2378 a multiple of 58?
True
Is 11705 a multiple of 17?
False
Is 1176 a multiple of 7?
True
Is 18 a factor of 48679?
False
Is 935 a multiple of 85?
True
Is 86 a factor of 398?
False
Is 12 a factor of 252?
True
Does 15 divide 53340?
True
Is 11 a factor of 484?
True
Is 902 a multiple of 41?
True
Does 43 divide 483?
False
Is 11932 a multiple of 76?
True
Is 33561 a multiple of 33?
True
Is 48 a factor of 7680?
True
Is 132 a factor of 2376?
True
Is 226 a factor of 26263?
False
Is 3220 a multiple of 92?
True
Is 2300 a multiple of 5?
True
Is 1188 a multiple of 18?
True
Does 14 divide 98?
True
Is 847 a multiple of 26?
False
Does 35 divide 5031?
False
Is 6 a factor of 394?
False
Does 32 divide 22784?
True
Is 1674 a multiple of 54?
True
Is 45 a multiple of 9?
True
Is 1175 a multiple of 5?
True
Is 744 a multiple of 7?
False
Is 58 a factor of 4557?
False
Is 366 a multiple of 61?
True
Does 20 divide 2160?
True
Is 1603 a multiple of 9?
False
Is 25 a factor of 3750?
True
Is 11598 a multiple of 29?
False
Does 21 divide 4284?
True
Is 26 a factor of 455?
False
Is 977 a multiple of 13?
False
Is 819 a multiple of 21?
True
Does 154 divide 15787?
False
Does 196 divide 51548?
True
Is 376 a multiple of 22?
False
Is 2648 a multiple of 4?
True
Is 3536 a multiple of 71?
False
Does 7 divide 322?
True
Does 56 divide 31696?
True
Is 41 a factor of 5762?
False
Is 10486 a multiple of 112?
False
Does 3 divide 4218?
True
Is 17 a factor of 9180?
True
Is 420 a multiple of 70?
True
Is 23 a factor of 2640?
False
Does 51 divide 43095?
True
Is 35 a factor of 23943?
False
Does 10 divide 240?
True
Does 20 divide 520?
True
Does 31 divide 45111?
False
Does 16 divide 224?
True
Is 13 a factor of 3256?
False
Is 4130 a multiple of 59?
True
Does 10 divide 3340?
True
Is 18 a factor of 4520?
False
Is 1764 a multiple of 42?
True
Does 8 divide 1152?
True
Is 6643 a multiple of 91?
True
Does 57 divide 428?
False
Does 15 divide 452?
False
Is 861 a multiple of 11?
False
Does 8 divide 107?
False
Is 2505 a multiple of 15?
True
Is 642 a multiple of 7?
False
Is 2079 a multiple of 99?
True
Does 92 divide 72365?
False
Does 25 divide 1325?
True
Is 186 a factor of 30690?
True
Does 20 divide 160?
True
Is 600 a multiple of 75?
True
Does 3 divide 1748?
False
Does 13 divide 489?
False
Is 21 a factor of 11865?
True
Does 51 divide 10353?
True
Does 24 divide 600?
True
Is 73 a factor of 1825?
True
Is 4125 a multiple of 12?
False
Is 9 a factor of 360?
True
Is 1842 a multiple of 3?
True
Is 2880 a multiple of 45?
True
Does 139 divide 22795?
False
Is 14 a factor of 126?
True
Is 69 a factor of 860?
False
Does 12 divide 5382?
False
Does 69 divide 12972?
True
Does 19 divide 111226?
True
Does 4 divide 925?
False
Is 2150 a multiple of 12?
False
Is 6 a factor of 1338?
True
Is 4 a factor of 9580?
True
Is 60 a factor of 900?
True
Is 9666 a multiple of 2?
True
Is 2493 a multiple of 9?
True
Is 84 a factor of 2566?
False
Is 7 a factor of 188?
False
Is 1558 a multiple of 41?
True
Does 76 divide 5431?
False
Is 17 a factor of 48926?
True
Is 22781 a multiple of 10?
False
Is 2270 a multiple of 10?
True
Does 2 divide 367?
False
Is 120792 a multiple of 24?
True
Is 380 a multiple of 7?
False
Does 23 divide 3384?
False
Is 61 a factor of 10376?
False
Does 33 divide 1386?
True
Does 20 divide 1100?
True
Does 2 divide 569?
False
Does 28 divide 560?
True
Is 690 a multiple of 6?
True
Is 35 a factor of 3229?
False
Does 22 divide 2794?
True
Does 22 divide 23750?
False
Is 54 a factor of 341?
False
Is 63 a multiple of 3?
True
Is 10894 a multiple of 5?
False
Is 2967 a multiple of 23?
True
Is 10956 a multiple of 11?
True
Is 25 a factor of 475?
True
Does 14 divide 43?
False
Does 61 divide 1037?
True
Does 92 divide 4334?
False
Is 19082 a multiple of 47?
True
Is 26 a factor of 2084?
False
Is 585 a multiple of 15?
True
Is 81 a factor of 99342?
False
Is 111 a factor of 777?
True
Does 84 divide 9075?
False
Is 1664 a multiple of 64?
True
Is 71663 a multiple of 47?
False
Does 30 divide 12901?
False
Is 36 a factor of 6643?
False
Does 27 divide 2538?
True
Is 2 a factor of 588?
True
Is 2490 a multiple of 11?
False
Does 16 divide 30204?
False
Does 5 divide 331?
False
Is 19 a factor of 264?
False
Does 14 divide 5796?
True
Is 6615 a multiple of 63?
True
Is 7992 a multiple of 16?
False
Is 48 a multiple of 8?
True
Does 33 divide 6402?
True
Does 78 divide 1039?
False
Is 77 a factor of 104489?
True
Does 100 divide 35043?
False
Does 30 divide 570?
True
Is 711 a multiple of 15?
False
Does 7 divide 1253?
True
Does 3 divide 421?
False
Does 29 divide 4785?
True
Is 3060 a multiple of 4?
True
Is 9348 a multiple of 57?
True
Does 12 divide 888?
True
Is 38683 a multiple of 9?
False
Is 20 a factor of 4220?
True
Is 90 a factor of 37491?
False
Is 2718 a multiple of 8?
False
Is 51840 a multiple of 90?
True
Does 26 divide 684?
False
Does 19 divide 702?
False
Is 25674 a multiple of 192?
False
Is 17783 a multiple of 23?
False
Is 86 a factor of 4271?
False
Is 9 a factor of 9900?
True
Does 30 divide 3900?
True
Is 75 a multiple of 75?
True
Is 17088 a multiple of 16?
True
Is 6 a factor of 7437?
False
Is 810 a multiple of 90?
True
Does 4 divide 22800?
True
Does 12 divide 6432?
True
Is 23 a factor of 6454?
False
Is 16 a factor of 60448?
True
Is 135222 a multiple of 31?
True
Does 96 divide 1069?
False
Is 33111 a multiple of 129?
False
Does 8 divide 784?
True
Is 186 a multiple of 3?
True
Is 16 a facto